 4, what is 103 + 3122013?
3122122
In base 3, what is -11012 + -102220211?
-110002000
In base 16, what is -5 + -1b7db?
-1b7e0
In base 14, what is 11062 + -c?
11054
In base 5, what is 3 - 12410142?
-12410134
In base 12, what is 33236 - 5?
33231
In base 13, what is -5446 - -1b?
-5428
In base 5, what is 0 + -1210214?
-1210214
In base 15, what is -99 + 0?
-99
In base 4, what is 123 - -13211?
20000
In base 5, what is -10 + -2300143?
-2300203
In base 3, what is 2222220 + -100?
2222120
In base 2, what is 10 + -1101001001100000000?
-1101001001011111110
In base 13, what is -4796 + -2?
-4798
In base 14, what is 4456 - 2?
4454
In base 8, what is -1461 - 3231?
-4712
In base 11, what is -5aa1271 + 5?
-5aa1267
In base 2, what is 10000111001110 + -100?
10000111001010
In base 8, what is -2072 + -567?
-2661
In base 12, what is -1a5293 - -3?
-1a5290
In base 9, what is -10136 + -140?
-10276
In base 11, what is -105 - -497?
392
In base 9, what is 3 - -31256?
31260
In base 8, what is 25771 - 12?
25757
In base 16, what is -135 + -53?
-188
In base 12, what is -4a407 + -5?
-4a410
In base 7, what is -202 - -11506?
11304
In base 4, what is 1103 - -1231?
3000
In base 2, what is -1010100 - 11001111110?
-11011010010
In base 5, what is 1022 - 133132?
-132110
In base 4, what is -23000122 + 11?
-23000111
In base 12, what is 4 - 59662?
-5965a
In base 14, what is -87 + 4b2?
429
In base 11, what is 215 + 473a?
4954
In base 14, what is -c87d + -20?
-c89d
In base 8, what is -2660 - -7?
-2651
In base 14, what is 5 + 2b73?
2b78
In base 15, what is -931 + -1?
-932
In base 13, what is -9 - -36507?
364cb
In base 3, what is -101101110 + -1200?
-101110010
In base 11, what is 8820 + -169?
8662
In base 13, what is 4144 + -6b?
40a6
In base 13, what is 24918a - -5?
249192
In base 10, what is -195 + -122?
-317
In base 13, what is -30 + -2237b?
-223ab
In base 9, what is 184 - 47?
136
In base 8, what is 20014 - 211?
17603
In base 16, what is -c0 - 68?
-128
In base 3, what is -1122102 + -1110?
-1200212
In base 15, what is 5 + -4e12c?
-4e127
In base 4, what is -3 + 3310000203?
3310000200
In base 14, what is -1bb4 - 5?
-1bb9
In base 10, what is 416 + 3?
419
In base 4, what is 21100130 - -10?
21100200
In base 9, what is 143615 + -1?
143614
In base 3, what is 101112 - -1010?
102122
In base 11, what is -1581 + 70?
-1511
In base 14, what is 1d4c6 - 5?
1d4c1
In base 2, what is 11110 + 1100110100000?
1100110111110
In base 5, what is 24020 + 244?
24314
In base 7, what is -5 + 1014522?
1014514
In base 7, what is 535 - -114?
652
In base 10, what is 7 + 2139?
2146
In base 12, what is 22a4 + -14?
2290
In base 12, what is 1238178 + -5?
1238173
In base 12, what is -a7 - 2284?
-236b
In base 15, what is -5 - 3adc?
-3ae2
In base 15, what is -4aa - 31?
-4db
In base 16, what is 1cd - -f8?
2c5
In base 5, what is 30 + -11434?
-11404
In base 13, what is -5 - 12a3?
-12a8
In base 6, what is 45 - 1120?
-1031
In base 8, what is -4706656 + -2?
-4706660
In base 16, what is 638 + -a0?
598
In base 3, what is 12200001 + -1102201?
11020100
In base 9, what is 6522 + -5?
6516
In base 14, what is 12d8 + 87?
1381
In base 5, what is 203441331 - -1?
203441332
In base 8, what is -231127 + 2?
-231125
In base 14, what is -13b - -7?
-134
In base 16, what is 4 + 42c91?
42c95
In base 4, what is 3 - 1223321?
-1223312
In base 16, what is 12b6 - -33?
12e9
In base 3, what is -11100002 - -2201?
-11020101
In base 13, what is 1acb8 + 6?
1acc1
In base 10, what is 8 + -38699?
-38691
In base 4, what is -11 + 1002103022?
1002103011
In base 3, what is -1021022 + 2221?
-1011101
In base 14, what is 319 - -434?
74d
In base 5, what is -422324 + 0?
-422324
In base 14, what is -54 + 9c61?
9c0b
In base 5, what is 242043 - 202?
241341
In base 10, what is -83756 - -5?
-83751
In base 10, what is -66280 - 1?
-66281
In base 5, what is 111003 + 1114?
112122
In base 16, what is 11fc + -b7?
1145
In base 8, what is 333655 - -2?
333657
In base 11, what is 11 - -71?
82
In base 9, what is -3821 - 78?
-4010
In base 7, what is 4 + -364403?
-364366
In base 5, what is -4443 - -21?
-4422
In base 12, what is -4288 - -4?
-4284
In base 16, what is 66f + -8?
667
In base 9, what is -114 + -68?
-183
In base 6, what is -44 - -2523?
2435
In base 2, what is -10 - 101111010010101111?
-101111010010110001
In base 3, what is -11 + -2020021202?
-2020021220
In base 14, what is 3c + -20?
1c
In base 16, what is -844d - 0?
-844d
In base 2, what is -1010011100 + 11001011?
-111010001
In base 7, what is 2603 - -310?
3213
In base 7, what is -23 - 152360?
-152413
In base 10, what is 8773 + -2?
8771
In base 13, what is 2c73 + 4?
2c77
In base 3, what is -1012101 + -20112?
-1102220
In base 4, what is 223 + 1103302?
1110131
In base 8, what is 2 - -152245?
152247
In base 15, what is 3a99 + -5?
3a94
In base 8, what is 24234 - 57?
24155
In base 15, what is -3da + -53?
-43d
In base 16, what is -912c - 3?
-912f
In base 7, what is 20655 + 206?
21164
In base 16, what is -25 - -819d?
8178
In base 5, what is 10300020 - 4?
10300011
In base 14, what is -1999a4 + 0?
-1999a4
In base 2, what is -10010010010111 + -10001?
-10010010101000
In base 12, what is -124a - -11?
-1239
In base 15, what is 5 - -5671?
5676
In base 14, what is -20a43 - -7?
-20a3a
In base 7, what is 5 + -6315305?
-6315300
In base 8, what is -420 + 77?
-321
In base 7, what is -65 + 1046?
651
In base 13, what is -1b - -35180?
35162
In base 5, what is 10 - 4014224?
-4014214
In base 4, what is 221112310 + -11?
221112233
In base 15, what is -2e1c0 + 10?
-2e1b0
In base 9, what is -312180 - -8?
-312171
In base 8, what is -42245 - -5?
-42240
In base 11, what is -6 + 10389?
10383
In base 15, what is 4 + -29193?
-2918e
In base 15, what is a - -ec0a8?
ec0b3
In base 9, what is 1507 + 236?
1744
In base 12, what is 23 + -bb72?
-bb4b
In base 12, what is -10a8 + -b0?
-1198
In base 14, what is -2905 + -1?
-2906
In base 6, what is 0 + 1310024?
1310024
In base 9, what is 5262547 + 4?
5262552
In base 13, what is -225 + 793?
56b
In base 14, what is -16 + -479?
-491
In base 6, what is -540 - 1315?
-2255
In base 5, what is -1410122 + -124?
-1410301
In base 10, what is 1993 + 3439?
5432
In base 13, what is 8850c + -4?
88508
In base 13, what is 3c5b - -5?
3c63
In base 15, what is -1 + -3ba?
-3bb
In base 6, what is -5153 + -41?
-5234
In base 5, what is 3001013 - 2?
3001011
In base 10, what is 256738 + 6?
256744
In base 8, what is 2551500 - 3?
2551475
In base 4, what is -10 - 1321122201?
-1321122211
In base 4, what is 22 + -20201102?
-20201020
In base 5, what is 1001 + -100410?
-44404
In base 2, what is -10010010111111 + -1?
-10010011000000
In base 9, what is 142407 - -44?
142452
In base 14, what is 4 - -351098?
35109c
In base 12, what is -1b - -1a31?
1a12
In base 15, what is -2 + -172327?
-172329
In base 16, what is -8 - 83d?
-845
In base 5, what is 13313210 - 3?
13313202
In base 9, what is -2 + -15553?
-15555
In base 11, what is -27 + -76?
-a2
In base 6, what is -501300 - 5?
-501305
In base 6, what is 104332 - -123?
104455
In base 12, what is -26 - -1477?
1451
In base 9, what is 453504 + -3?
453501
In base 5, what is 10300 - -114?
10414
In base 5, what is 3134 + 3443?
12132
In base 13, what is 281 + 214?
495
In base 16, what is 479468 + 0?
479468
In base 14, what is 6bb7 - 1?
6bb6
In base 2, what is -1011011111011110 + -1011?
-1011011111101001
In base 2, what is 11110100 + -100100001?
-101101
In base 5, what is -310131310 - -3?
-310131302
In base 13, what is 408 - -3a6?
7b1
In base 5, what is 11202414 + 2?
11202421
In base 15, what is -63 + a9?
46
In base 15, what is 34 - 204?
-1c0
In base 13, what is 20200 - -4?
20204
In base 14, what is -b + 98a?
97d
In base 7, what is 5336 + 1?
5340
In base 2, what is -1000000011 + -11110000011?
-100110000110
In base 5, what is 4 - -1222140?
1222144
In base 14, what is -10 + -19?
-29
In base 8, what is -133 + 115?
-16
In base 3, what is 110020020111 - -2?
110020020120
In base 12, what is -317 - 140b?
-1726
In base 13, what is -7abb + 2?
-7ab9
In base 9, what is -648 - 2377?
-3136
In base 10, what is 4 + 376378?
376382
In base 9, what is -2321 - -51?
-2260
In base 5, what is 3 + -20032324?
-20032321
In base 11, what is -47 - -1a5?
159
In base 12, what is 15aa - -11?
15bb
In base 8, what is 17 - 53525?
-53506
In base 3, what is -10